{"id":23594,"date":"2025-05-30T18:22:12","date_gmt":"2025-05-30T22:22:12","guid":{"rendered":"https:\/\/intremo.cl\/?post_type=product&#038;p=23594"},"modified":"2025-09-28T11:40:26","modified_gmt":"2025-09-28T15:40:26","slug":"pack-sidra","status":"publish","type":"product","link":"http:\/\/intremo.cl\/?product=pack-sidra","title":{"rendered":"PACK SIDRA"},"content":{"rendered":"<p>&nbsp;<\/p>\n<p>&nbsp;<\/p>\n","protected":false},"excerpt":{"rendered":"<ul>\n<li>La <strong>Sidra Intremo<\/strong> la elaboramos de manera artesanal, con m\u00e9todos ancestrales. Se fermenta de manera salvaje, es decir, no se interviene la fermentaci\u00f3n con levaduras especializadas sino que la fermentaci\u00f3n se realiza con las levaduras propias de la manzana. Luego de 3 meses de fermentaci\u00f3n, obtenemos una rica sidra refrescante, sin aditivos y con baja graduaci\u00f3n alcoh\u00f3lica.<\/li>\n<li>Se sirve bien helada como aperitivo o como bajativo. En caso de que despu\u00e9s de abierto no lo consumas, se transforma en un rico y exclusivo vinagre de manzana como base de tus vinagretas para ensaladas.<\/li>\n<li>Es un s\u00faper alimento debido a sus numerosos beneficios para la salud, especialmente para los sitemas digestivo e inmunol\u00f3gico.<\/li>\n<li>Es un producto vivo, que contiene una gran cantidad de probi\u00f3ticos que robustecen la flora intestinal del organismo.<\/li>\n<\/ul>\n<p style=\"text-align: center;\"><strong>SIN<\/strong>\u00a0preservantes<\/p>\n<p style=\"text-align: center;\"><strong>SIN<\/strong>\u00a0az\u00facar a\u00f1adida<\/p>\n<p style=\"text-align: center;\"><strong>LIBRE<\/strong>\u00a0de gluten<\/p>\n<p>Ingredientes: Manzana verde, amarilla y\/o roja<\/p>\n<p>Duraci\u00f3n del producto refrigerado cerrado: 8 meses.<\/p>\n<p><em>Contraindicaciones: Ni\u00f1os y menores de 18 a\u00f1os, personas intolerantes a los ingredientes y toda persona que pueda tener problemas con el alcohol.<\/em><\/p>\n","protected":false},"featured_media":23597,"template":"","meta":{"_joinchat":[]},"product_brand":[],"product_cat":[109,91],"product_tag":[],"class_list":{"0":"post-23594","1":"product","2":"type-product","3":"status-publish","4":"has-post-thumbnail","6":"product_cat-pack-bebidas-fermentadas","7":"product_cat-tienda","9":"first","10":"outofstock","11":"shipping-taxable","12":"purchasable","13":"product-type-variable"},"_links":{"self":[{"href":"http:\/\/intremo.cl\/index.php?rest_route=\/wp\/v2\/product\/23594","targetHints":{"allow":["GET"]}}],"collection":[{"href":"http:\/\/intremo.cl\/index.php?rest_route=\/wp\/v2\/product"}],"about":[{"href":"http:\/\/intremo.cl\/index.php?rest_route=\/wp\/v2\/types\/product"}],"wp:featuredmedia":[{"embeddable":true,"href":"http:\/\/intremo.cl\/index.php?rest_route=\/wp\/v2\/media\/23597"}],"wp:attachment":[{"href":"http:\/\/intremo.cl\/index.php?rest_route=%2Fwp%2Fv2%2Fmedia&parent=23594"}],"wp:term":[{"taxonomy":"product_brand","embeddable":true,"href":"http:\/\/intremo.cl\/index.php?rest_route=%2Fwp%2Fv2%2Fproduct_brand&post=23594"},{"taxonomy":"product_cat","embeddable":true,"href":"http:\/\/intremo.cl\/index.php?rest_route=%2Fwp%2Fv2%2Fproduct_cat&post=23594"},{"taxonomy":"product_tag","embeddable":true,"href":"http:\/\/intremo.cl\/index.php?rest_route=%2Fwp%2Fv2%2Fproduct_tag&post=23594"}],"curies":[{"name":"wp","href":"https:\/\/api.w.org\/{rel}","templated":true}]}}